et k(i) = -5*n(i) + s(i). Determine k(u).
3
Let p(w) = -w**2 + 7*w - 3. Suppose 0 = -3*m + m + 36. Suppose 4*u - 5*q + 11 = 2*u, u = 5*q - m. Determine p(u).
-3
Let k(t) = -16*t**3 - 6*t**2 + 8 - 7*t**3 + 22*t**3. Let h be (-9)/(2/4 - -1). Determine k(h).
8
Let j(t) = 10*t**2 + 0*t**2 - 7*t**2. Let y be (1*2)/(-6 - -8). Give j(y).
3
Let m(u) = -u**2 + 7*u - 4. Let o(r) = -5*r**2 + 36*r - 20. Let j(c) = 2*c + 3. Let g be j(-7). Let v(h) = g*m(h) + 2*o(h). What is v(5)?
4
Let l(k) be the third derivative of k**4/12 + 5*k**3/6 - 2*k**2. Let n(j) = j**2 - 7*j + 4. Let x be n(5). Give l(x).
-7
Suppose 12*k + 12 = -0. Let h(j) = -3*j**2. Calculate h(k).
-3
Suppose -i = -3*s - 39, -3*s - 30 = i + i. Let t = 8 + s. Let c(k) = -k**2 + 0*k**2 - k**3 + 5*k - 2*k**2. Determine c(t).
-4
Let x be 5/(100/16)*-5. Let f(m) = m + 7. Determine f(x).
3
Let t be (56/(-21))/((-4)/6). Let v(h) = 3 + 3*h + t - 2*h. Determine v(-5).
2
Let r(z) = 3*z - 4. Let t(b) be the second derivative of -b**3/6 + 4*b**2 + 2*b. Let i be t(5). Suppose -m = -i*a - 18, 0*a + a + 14 = 3*m. What is r(m)?
5
Let p(v) = 3*v - 3. Suppose 6*z - 7*z = -l - 5, -5*z = 2*l - 11. Give p(z).
6
Let w(u) = u**3 + 3*u**2 + u - 4. Suppose -4*a + 1 - 13 = 0. Let x be w(a). Let v(d) = -d. Determine v(x).
7
Let y(r) = 4*r**3 - 5*r**3 - 2 + 7 - 4*r**2. Give y(-4).
5
Let c(a) = -2*a + 31. Let s be c(10). Let l(g) = -g**2 + 12*g - 10. What is l(s)?
1
Let j = 25 + -14. Let c = 13 - j. Let h(x) = x + 1. Let z(g) = 2*g + 3. Let y(m) = 7*h(m) - 3*z(m). What is y(c)?
0
Let j be ((-24)/56)/(1/(-7)). Suppose -2*o - m - 7 = 2*o, -j*o = -4*m - 9. Let g(k) = -6*k**2 - k - 1. What is g(o)?
-6
Let m(a) = a**2 - 4*a + 3. Let d(t) = t**2 + t + 2. Let s be d(-2). Determine m(s).
3
Let v(w) be the second derivative of -w**5/20 + 5*w**4/12 - 5*w**3/6 + w**2 + 7*w. Let y be (-2)/(-4) + (-10)/(-4). Determine v(y).
5
Let g(r) be the third derivative of -r**6/120 + r**5/12 - r**4/6 + 2*r**3/3 - r**2. Suppose u - 2 = 2. Suppose u*s - 4 = 12. Determine g(s).
4
Let p(s) be the second derivative of -s**4/12 + s**3/3 + 2*s**2 - 12*s. Give p(-3).
-11
Let s(v) = 1195*v + v**2 + 5 - 1202*v + 4. Let j be (-14)/8*(-1 - 3). What is s(j)?
9
Let r(c) = -c - 6. Suppose -3*m + g + 0 = 14, 0 = -5*m + g - 24. What is r(m)?
-1
Let w(d) = d**2 - 5*d - 6. Suppose -35 = 3*a - 5*a + 5*k, 0 = -5*a + k + 30. Determine w(a).
-6
Let l(v) = -5*v + 3. Let s(j) = 21*j - 12. Let q(r) = 9*l(r) + 2*s(r). What is q(4)?
-9
Let p(v) = 3*v**3 + 5*v**2 + 6*v + 5. Suppose 2*r = 3 + 1. Let o(b) = -4 + 7 - b**3 - 3 + b**r. Let t(f) = 2*o(f) + p(f). What is t(-6)?
5
Suppose 3*m = -5 + 14. Let h be (2 - 2)*3/m. Let f = h - 4. Let w(c) = -c**3 - 3*c**2 + 5*c + 5. Give w(f).
1
Suppose -5*s + 97 = -l, 5*s + 3*l = 2*l + 103. Suppose 7 = -5*x + 5*c - 13, -2*c + s = -5*x. Let t(a) = -a**3 - 3*a**2 + 4*a + 3. What is t(x)?
3
Let v(r) = -r - 4. Let d(y) = -3*y - 24. Let b be d(-8). Determine v(b).
-4
Let n(x) = 4*x**2 - 3*x - 1. Suppose 0 = -3*a + 16 + 5. Let f(c) = 9*c**2 - 5*c - 3. Let l(g) = a*n(g) - 3*f(g). Let v = 5 - 0. Determine l(v).
-3
Let n(r) = -r**2 + 3. Suppose -10*g + 20 = -15*g. What is n(g)?
-13
Let h(w) = -w**3 + 2*w**2 + 2*w + 1. Suppose -5*f - 1 = 5*y - 11, -3*f + y = -10. Calculate h(f).
-2
Let x(q) be the first derivative of -q**6/360 + q**5/30 + 4*q**3/3 + 3. Let m(f) be the third derivative of x(f). Give m(3).
3
Suppose 25 = 7*d - 2*d. Suppose d*o = -3 + 23. Suppose -q - q = o. Let g(k) = -2*k**2 - 2*k + 1. What is g(q)?
-3
Let q(z) be the first derivative of z**2/2 + 1. Let f be q(-3). Let g(j) = j**3 + 2*j**2 - j - 2. Give g(f).
-8
Let t = -164 + 162. Let s(w) = -w**2 - w - 1. Give s(t).
-3
Let m be (-7 - -1)/(2/(-3)). Let z be m*1*1/3. Let t(a) = -a**3 + 2*a**2 + a + 4. Let u be t(z). Let k(o) = -o**3 - 3*o**2 - 3*o - 1. Give k(u).
1
Suppose 0 = 2*z + 3*z - 10. Let k(p) = 6*p - 3*p - 7*p**2 + 0*p**2 + 6*p**z + 3. Give k(4).
-1
Suppose -7 = 4*g - 3*c, 4*g - g + 2 = -c. Let n(b) = 4*b**3 + 2*b + 1. Determine n(g).
-5
Let k(h) = -2 - 12*h**2 + 4*h + 5*h + 7. Let i be ((-8)/12)/((-4)/(-42)). Let d(m) = 6*m**2 - 4*m - 2. Let l(u) = i*d(u) - 3*k(u). Determine l(1).
-6
Let j(s) be the first derivative of s**4/4 + s**3/3 - s**2/2 + 9*s + 11. Give j(0).
9
Let d(l) = -2*l - 5. Suppose -5*f + 20 = -0. Suppose f*j + 25 = 5. Calculate d(j).
5
Let c(r) = 2*r + 3 - 3 + 3 + 2. Calculate c(-4).
-3
Let f(b) = 3*b - 2 - 1 + 0. What is f(4)?
9
Let h(x) be the second derivative of -x**4/12 - x**3/2 - 3*x**2/2 + 5*x. Give h(-2).
-1
Let u(y) = -y**2 - 9*y - 5. Let c(q) = 3*q**2 - 21*q + 9. Let a be c(6). Calculate u(a).
-5
Let i be (-6)/(-24) - (-34)/(-8). Let k(y) = 7*y + 4*y**2 + y**3 + y**2 - 1 + 6. Calculate k(i).
-7
Let p(z) be the second derivative of -z**4/12 + 5*z**3/3 - 5*z**2 + 27*z. What is p(8)?
6
Let l(r) be the first derivative of -r**5/20 - r**4/3 + r**3/6 + r - 3. Let s(y) be the first derivative of l(y). Calculate s(-4).
-4
Let y(c) = c**3 + 4*c**2 - 8*c - 7. Let j be (-2 - 1)*40/24. Give y(j).
8
Let h(a) = 5*a - 1. Let q = 18 - 17. Calculate h(q).
4
Let x(a) be the third derivative of a**5/60 + a**4/8 - a**3/3 - 2*a**2. Let v be x(-4). Let u(c) = 3*c - 6 - 2*c**2 + 5*c**v + c**3 + 7. Give u(-2).
-1
Let u(k) be the second derivative of k**3/3 + 5*k**2/2 - 2*k. Calculate u(-5).
-5
Let h be (18 + -4)/(-2) + 1. Let q(a) = -a**3 - 7*a**2 - 6*a + 7. Calculate q(h).
7
Let g(b) = b. Let v(q) = q**3 - q - 2. Let y be v(0). Let z be g(y). Let o(u) = -u**3 - 3*u**2 - 2*u + 2. What is o(z)?
2
Let f(o) = o**2 + 11*o + 1. Let d be f(-11). Let k = d + -2. Let g(a) = a + 2. What is g(k)?
1
Let u(x) = 10*x**3 + x**2 - 1. Let i be 0 + (3 - (3 - -1)). Give u(i).
-10
Let m(q) be the first derivative of q**2/2 + 3*q + 10. Give m(-6).
-3
Let k(q) = 4*q**3 + 4 + 5*q**3 + 7*q**3 - 15*q**3 - 4*q + 4*q**2. Determine k(-5).
-1
Let p(j) = -6*j**3 + 7*j**2 + j + 2. Let s(q) = 5*q**3 - 6*q**2 - 2. Let f(b) = 4*p(b) + 5*s(b). Suppose -5*n + 0*h = -2*h - 2, n - 5*h = -18. Give f(n).
6
Let g(j) = -j**3 + 3*j**2 + 2 + j - 3*j - 2*j. Calculate g(2).
-2
Let q(a) = -a**2 + a + 1. Let u(m) = -7*m**2 + 14*m + 1. Let k(c) = 6*q(c) - u(c). Calculate k(8).
5
Let g be (-308)/(-42) + 4/(-3). Let o(q) = 7*q - g*q + 2 - 3. Give o(0).
-1
Let j(y) = -18*y + 22*y + 6*y**2 - 4*y**2 - 10*y. Determine j(4).
8
Let f(n) = -8*n**3 - n**2 - 2*n - 1. Suppose 3*j - 7 = r, r = 4*r + 4*j - 5. Calculate f(r).
8
Let w(o) = 0*o - o**3 - o - 2*o**2 + 2*o - 2*o. Let i be w(-2). Let a(r) = 0 - 5*r + 0. Calculate a(i).
-10
Let g be (18 - 21)*13/(-3). Suppose 2*n + 4*u = -10, -2*u + g + 2 = -3*n. Let f(k) = -k + 5. Give f(n).
10
Let r(t) = 13*t + 1. Suppose 2*q = -4*d - 4, -d - 7*q = -6*q + 1. What is r(d)?
-12
Let v(y) = y**3 + y**2 - y. Let i(t) = 5*t**3 - t**2 + t - 3. Let m(g) = -i(g) + 4*v(g). Suppose -4*x + 5*l = -22, 0*x + 2*x - 2 = -2*l. What is m(x)?
6
Let a(o) = -o**2. Suppose 3*t - 12 = 4*g + t, -4*g + 3*t - 16 = 0. Let l(k) = -9*k + 8. Let n(i) = g*a(i) + l(i). Calculate n(7).
-6
Let s = -2 - -2. Let m(c) = 4 - 1 - 8*c - 2 + s. What is m(-1)?
9
Let z(q) = 4*q - 5. Suppose -25*m + 14*m + 66 = 0. Calculate z(m).
19
Let c(i) be the first derivative of -i**4/4 + 2*i**3/3 + 2*i**2 - i - 82. Suppose -h + 4 = 2*k + k, 0 = k - 2*h - 13. Determine c(k).
2
Let l(t) = 4*t**2 + 2*t + 1. Let q = 0 - -2. Let m be (-8)/(-4)*(-1)/q. Calculate l(m).
3
Suppose 0 = -0*g - 2*g. Let v be 2 - (g/1)/(-3). Let j(h) = -13*h + 5. Let r(m) = -6*m + 2. Let t(a) = -2*j(a) + 5*r(a). Calculate t(v).
-8
Let s(i) = -4*i + 3*i + 7*i - i**3 - 4 - 5*i**2. What is s(-6)?
-4
Let h(y) = y - 5. Let m = -1 + 1. Let p(g) = -g**2 - 6*g + 3. Let c be p(-7). Let f = c + m. Determine h(f).
-9
Let k(t) be the first derivative of t**2 - t - 1. Suppose 49 = 3*s - 4*h, 38 = -0*s + 2*s - 4*h. Suppose 30 = 2*o - 7*o - 3*d, -3*o + 4*d = -s. Calculate k(o).
-7
Let k(r) be the first derivative of -3*r**2/2 + 2*r - 6. What is k(-3)?
11
Suppose -5*m - k + 37 = 0, 2*k = -0*k + 4. Let x(l) be the second derivative of l**4/12 - 4*l**3/3 + 5*l**2/2 - 37*l. Determine x(m).
-2
Let g(b) = 0*b - 4*b - 3*b - b**2 + 0*b**2 + 4. Determine g(-7).
4
Suppose -3*z - 2 - 1 = 0. Suppose -2*k + 12 = k, 0 = 4*g + k - 12. Let c(x) = x**g - x + x - 2*x + 3*x. Determine c(z).
0
Let s